 7))?
-7
Calculate -19 + (14 - (6 - (-16 + 1 - -19))) + -2.
-9
(-13 - ((0 - -16) + -5 + (-34 - -14))) + -41
-45
What is the value of 517 + -514 + (38 - (2 + -5)) + -4?
40
-52 + (-117 + 105 - (-23 + -4))
-37
5 + 0 + (-96 - (-76 + -4)) + -9
-20
What is 11 + -2 + (423 - 387)?
45
Evaluate -39 - (-35 - 22) - ((-3 - -3) + 23 + -15).
10
Calculate (1 - -9) + (1169 - 1219).
-40
What is 83 + -83 + (54 - -4) + -24?
34
(100 - (0 - 1)) + (-1015 - -1020) - 6 - 10
90
Calculate (46 - 8) + 8 + -2 + -9.
35
(3 - 22 - -6) + -336 + 332 - -53
36
Evaluate -42 + 7 + 107 + 3 + -2 + 0.
73
Calculate -2 - (50 - 36) - (-14 - (-9 - -2) - 60).
51
What is (-1 - (-8 - (22 + -8 - 31))) + -7?
-17
What is the value of 115 + (-46 - 51) - (-1 - 0 - 7)?
26
Evaluate (30 + (-91 - -20) - -19) + -32.
-54
Evaluate 27 + -6 + (60 + -32 - 66) + 17.
0
Calculate -119 + (610 - 568 - (24 - 3)).
-98
Calculate -17 - (28 - 31 - -1) - -40.
25
What is the value of 1 + (0 - -7) + -29 + 20 + -83?
-84
What is 255 + (-85 - (-18 - -54))?
134
Calculate (-237 - (-141 - 7)) + -1 + -1.
-91
Evaluate (7 - 8) + -112 + 129.
16
Calculate -15 - (-68 - -30 - 18).
41
Evaluate -111 + 201 - -108 - 133.
65
Calculate 41 - (-20 + 52 - 8 - 49).
66
Calculate -23 + 4 - (-10 + -49).
40
Calculate -35 + (53 + -19 - -8).
7
(11 + -4 - 27) + -7 + (-6 - (-4 + -1))
-28
-2 + -19 - (5 - (-22 + 16))
-32
What is -7 + 3 + -1 + -2 - (41008 + -41010)?
-5
What is the value of -49 + 30 + -11 - 8?
-38
What is the value of 144 + (19 - 119) - 109?
-65
What is 16 + -127 + 211 + -78?
22
Evaluate -5 + -17 + (-39 - -27) + -62.
-96
What is the value of 1812 + -1801 - (-15 + -2 + 1)?
27
Evaluate (4 - (-6 + 59)) + 6 + -5 + 18 + -22.
-52
What is the value of 1905 + -1892 - ((4 - 3) + 65)?
-53
Calculate (-51 - 3 - -75) + (3 + -3 - -2).
23
What is the value of 105 + -7 - (-1700 - -1702)?
96
What is (5 - (-1 - (-4 + 0))) + -11 - -47?
38
-15 - (-25 + (19 - -2 - 4))
-7
What is (1 - (4 + -58)) + 23 + (10 - 24 - 1)?
63
Calculate (-147 - -100) + -4 + 8 + 1.
-42
Calculate 65 + (0 - (27 + 2 - 8 - (-12 + 23))).
55
Evaluate -45 + (5 - (-4 + (19 - 13))).
-42
Evaluate 3 + -69 - (-5160 - -5133).
-39
What is 79 + -35 + -56 + -2?
-14
Calculate 4 + 0 + 55 + -28 + 11.
42
What is the value of -11 - ((40 - 11) + -19 + -39 + 3)?
15
(-15 - 1) + -715 + 748 - (-1 - (0 - 3))
15
What is (4 - (-1 + 5 + (17 - 4))) + (-1 - 9)?
-23
What is the value of -6 + (2 - (0 + 1)) + (232 - (486 + -182))?
-77
Evaluate 0 + (-5 + -16 + 15 - -35).
29
What is 7 - ((-2 - -23) + -112 + 111)?
-13
What is the value of -1 - 111 - (-36 + (-30 - -86) + -36)?
-96
Evaluate (-31 - 35) + 0 - (0 + 0 - (11 + -10)).
-65
What is -13 + 63 + -27 + 75 - 28?
70
Calculate -2056 + 2053 - (0 + -26).
23
Calculate -10 + (35 - -9) - 39.
-5
Evaluate (1 - (-11 - -7 - -5) - 1 - -36) + 7.
42
Calculate (18 - 59) + (54 - 10).
3
What is the value of (3 - 1 - 5 - 13) + (52 - -20)?
56
Evaluate -2 - (-2 + -18) - (1541 - 1488).
-35
Calculate 20 - 5 - (87 - (16 + -24)).
-80
Calculate -33 + 24 + -97 - -46.
-60
Evaluate (571 - 575) + (-1 + -35 - 4).
-44
What is -10 - ((26 - (22 - 13)) + -23)?
-4
Calculate -6116 + 6118 - (42 + 1).
-41
Calculate (2 - 104) + (-91 - -96 - -4).
-93
Calculate -30 - (-26 + 14 + 53 + -145).
74
What is the value of -44 + -33 + 6 + 22?
-49
What is the value of (-13 - 3) + -31 + 76 + -58?
-29
Calculate 2 - 93 - (686 + -721).
-56
What is the value of (-46 - (39 + -124)) + -22?
17
-15 + (16 - 29) + (-5 - (1 + -4 + 5))
-35
What is -103 - -147 - ((-2 - -6) + -1 + -2)?
43
Calculate (-163 - -87) + 4 + 43.
-29
Calculate -81 - (30 + (-105 - -53)).
-59
Calculate -8 - (31 + (6 - -14 - 8)).
-51
What is the value of (-5 - (27 + -9)) + (-1 - (-12 - -3))?
-15
What is the value of (15 - -56) + (-55 - -13)?
29
What is the value of 36 - 92 - (4 + 1 + 4 + -9)?
-56
Evaluate (121 + -57 - -29) + -51.
42
What is the value of -13 + 23 + -14 + -18 + 61?
39
Calculate -2 + -36 + 2 + -18246 + 18232.
-50
Evaluate (-117 - -1) + 4 - (-31 - 60 - -88).
-109
Evaluate (13 + (-76 - -52) - (2 + -71)) + 1 + 9.
68
What is -29 - -8 - (-3 - -27 - (-133 + 107))?
-71
Calculate (6 + -17 - (-86 - -67) - -2) + (1 - -128).
139
What is -3 + 17 + 9 + 11 + -28 - 0?
6
-12 - (17 - (1 + 10 - 5 - -10))
-13
Evaluate (-40 + 2 - -58) + (20 - 7).
33
What is (-10 + 57 - (105 + -63)) + (2 - (0 + 0))?
7
Calculate -28 + -29 - -32 - 17.
-42
Calculate -81 + 9 + 36 + -29 + (9 - -3).
-53
What is 85 + (61 - 146) - (-1 + -15 + -1)?
17
Evaluate 115 - (88 - -123) - (-1 - 6).
-89
What is 1 - (-12 + (-5 - -2) + 0 + -9)?
25
What is -5 + -35 - (-3 + (-7 - (1 - 8)))?
-37
What is the value of 32 + (104 + -67 - 160)?
-91
Evaluate (-14 - 2) + (56 + -11 - 23).
6
Evaluate 36 + (-12 + 46 - 38).
32
What is the value of (38 - 1) + 2785 + -2810?
12
Calculate -23 - (-66 - ((63 - 43) + -41)).
22
What is 5 + -11 + (-6 - -4) + 6 - (-1 - 2)?
1
What is the value of -34 - (-14 + -43) - -2?
25
What is the value of 7 - (4 + (-7 - 3 - -9) - -4 - -21)?
-21
What is the value of -14 + (2 - 47) + 11 + -8 + 20?
-36
What is the value of 35 - (30 + -6 + 12)?
-1
What is the value of -108 - (-15 - 76) - -42?
25
Calculate (-40 + 34 - (3 - 23)) + -15 - (2 - 7).
4
Calculate (-18 - (-7 + -45)) + 20.
54
What is 202 - 0 - (32719 - 32618)?
101
What is 2 + -21 + 18 - (-22 - 5)?
26
What is the value of -73 + 138 - 50 - (-4 - -2 - (35 - 3))?
49
What is -22 - (-32 + (-29 - -84) - 90)?
45
(20 - 10 - 85) + (4 - 7 - -2) - 4
-80
What is (-37 - -76) + (-47 - -62 - 48)?
6
What is (-4 - (-7 + -24)) + (-37 - -34)?
24
What is the value of -3 + 48 + -2 - (2949 - 2918)?
12
Evaluate 23 - (-2 + (2 - 0) + (-130 - -238) + -109).
24
24 - (-30 + (-20 - 26 - -32))
68
What is 83 + -66 + -20 + 64?
61
What is the value of -10 - (-8 - (20 + 5))?
23
34 + -156 + 97 + (-24 - -4)
-45
1 + 68 - (5269 + -5161)
-39
Evaluate 0 - -30 - (2029 + -1996) - (-77 - 1).
75
What is 9 + (0 - (0 + 2) - 0 - (181 + -131))?
-43
What is -25 + 8 - (-110 + 89) - (1 - 14)?
17
Calculate (-1 - -16) + (1 - 51 - (739 + -746)).
-28
Calculate 255 + -1 - (4017 - 3891).
128
(5 - 36) + 252 + -227
-6
What is -74 + (-4 - (2 - 2)) - (192 + -196) - -7?
-67
What is the value of 26 + 9 + -74 - -31?
-8
Calculate -16 - (-28 + -15 - -15) - 17 - (-18 - 0).
13
Calculate -2 + (-166 + 159 - (-4 + 4 - -4)) - 101.
-114
What is -134 + (-53 - -141) - (1 - (-4 - (1 + -3)))?
-49
What is the value of -6 - 11 - 3 - -38?
18
Calculate 54 + -6 + 10 + (-2 - ((-8 - -20) + -6)).
50
What is the value of 162 - 93 - (4 + -5) - (-2 + 14)?
58
Calculate 72 + 34 + -91 + 68.
83
Evaluate (-59 - 5) + (0 + 17 - 9) + 1.
-55
What is (-5 - (1 + -1)) + (-46 - (24 - 26)) + 5?
-44
What is the value of 64 - (37 + 39 + -28)?
16
What is (-39 - 0) + (-29435 - -29564)?
90
What is (-3 - -31) + -54 - (-1 + -13 - -5)?
-17
What is the value of 36 + (37 + 20 - 83)?
10
Evaluate -12 + (-15 + 8 - -9) - -20.
10
What is 116 + (11 - (10 + -21)) + 90 + -89?
139
-113 + (-76 - -13 - -172)
-4
What is the value of -6 - (0 + (9 - (-12 - -28)))?
1
Calculate -38 - ((184 - 95) + -115).
-12
Calculate (-51 - 40) + -1 + -1 + -10.
-103
What is the value of -4083 - -4087 - (1 + (-19 - 2))?
24
What is (4 + -6 - -25) + -2 + -51 + 39 + 23?
32
-12 + (-1 + 8 - (344 - 355) - (10 + -1))
-3
What is the value of -17 - (21 + -37) - (13 - -1)?
-15
What is -38 + -1 + (-19 - -26) - (5 - 2)?
-35
What is 9 - -1 - (-142 - -242) - -14?
-76
What is the value of (3 - -24) + (5801 - 5901)?
-73
What is 3 + -14 + (-6 - -1) + -2?
-18
What is the value of (-97 - 12) + 163 - 15?
39
6 - (-12 + 2 - -60) - -23
-21
What is the value of 119 + (-140 - -37) - 126?
-110
What is the value of 0 + -9 + (-12 - (-27 - 1)) + 16 + 3?
26
Calculate (12 - ((17 - 1) + -7)) + 28 + 4.
35
Evaluate (-57 - (-25 + 15)) + -22.
-69
25 - (1 + -29 + 100 + -77)
30
11 + 1 + -26 + -28 + 6 + -13
-49
Evaluate 11 + -51 + 7 + 24.
-9
Evaluate -7 - (27 - (-13 - (-3 + -24 - -3))).
-23
Calculate 8 + -3 + (10 + -11 - 8).
-4
Calculate 136 + -65 + -55 + 80.
96
What is 9 + -17 + -2 + -7 - -13 - -55?
51
-31 - (130 + -252 + 113)
-22
Calculate 3 - (159 - 177 - (-9 + 1)).
13
-36 + (27 + -25 + 57 - 38)
-15
Evaluate 40 + (-15 - (-13 + -3) - -3) + 5 + -2.
47
What is the value of -49 + 1 + -2 + (-32 + -6 - -54)?
-34
239 + -248 + 87 + -36 + (1 - -5)
48
What is the value of (-17 + 16 + 23 - 25 - -129) + 7?
133
What is -93 +